 29 + 11. What is the hundreds digit of l(-7)?
1
Let x(o) = 3*o + 14. Let i(v) = 5*v + 13. Let w(t) = -4*i(t) + 3*x(t). What is the units digit of w(-12)?
2
Let x = -6 + 105. Let t be 3/(-1 + -2)*59. Let c = t + x. What is the units digit of c?
0
Let s = -101 - -87. Let g(t) = 21*t + 2. Let r be g(2). Let a = r + s. What is the tens digit of a?
3
Let u(a) = a**3 + 22*a**2 - 26*a - 25. What is the tens digit of u(-23)?
4
Let n = -35 + 39. What is the tens digit of ((-295)/5)/(n/(-12))?
7
Let y = -14 + 13. Let f be y/1 - (1 - 0). What is the units digit of 0 + 10*(-1)/f?
5
Suppose -5*p + 2036 = -2*p + c, -4*p + c = -2710. Suppose -p = -5*r + 272. What is the tens digit of r?
9
What is the units digit of (5 - 8) + (1 - 0) - -542?
0
What is the hundreds digit of (14135/44)/(3/12)?
2
Let h = -796 - -1816. What is the tens digit of h?
2
Let o = -944 - -2663. What is the hundreds digit of o?
7
Let l = 1453 + 1193. What is the hundreds digit of l?
6
Let l(w) = 7*w + 9. Let f be l(4). Let t = f - 32. Suppose -4*c + 30 = -3*b - 25, -t*c + 3*b + 71 = 0. What is the units digit of c?
6
Let w be (5 - 9 - -257) + -2. Let h = w + -112. What is the hundreds digit of h?
1
Suppose 8 = -11*m - 36. What is the hundreds digit of 112 + (-24)/16*m/6?
1
Let v(h) = -h**3 - h**2 + 2*h - 1. Let k be v(2). Let y = 9 + k. Suppose -2*w + 7*w - 95 = y. What is the tens digit of w?
1
Let k be 2/4*-2 - (-6 - 55). Suppose v - 40 - k = 0. What is the tens digit of v?
0
Suppose 5*y - 8*w - 36 = -4*w, -2*w = 2*y - 18. Suppose 354 = -y*a + 874. What is the tens digit of a?
6
Suppose 62 = -3*y + 2*r - 56, -2*y + 2*r - 76 = 0. Let g(f) = f**2 - f - 20. Let t be g(0). Let s = t - y. What is the tens digit of s?
2
Let o = -3 + -10. Let b = o - -15. Suppose 0 = -3*v + b*v + 37. What is the units digit of v?
7
Suppose 10 = 33*c - 34*c. What is the tens digit of 81 - ((-4 - c) + -3)?
7
Let p be (-12)/(12/(-80) - 0). Let v = p + 55. What is the hundreds digit of v?
1
Suppose -4 = -3*u + 2. Suppose -3*c - 3*k + 240 = 2*c, 41 = c + u*k. Suppose 0 = 2*r, -o - 2*r = -0*r - c. What is the tens digit of o?
5
Let b(l) = -6*l - 2. Let j be b(-9). Let m = -74 + j. Let z = m + 41. What is the tens digit of z?
1
Let p(y) = y**2 - 26*y + 3. Let k be p(26). Suppose x + 708 = 4*s + 4*x, 3*s - 552 = k*x. What is the hundreds digit of s?
1
Suppose -2*c - 5 = -c. Let n be (-6)/(c/(15/(-2))). Let g(y) = y**3 + 8*y**2 - 10*y + 11. What is the tens digit of g(n)?
2
Suppose -2*u + 0*y = -5*y - 1090, 0 = 4*u - 5*y - 2200. What is the tens digit of u?
5
Suppose 0 = 53*q - 14*q - 156468. What is the units digit of q?
2
Let i be (-11 - -10)*2/(-1). Let m be i/((-9)/(54/(-4))). Suppose 3*s = 4*a - 260, a + 4*s = -m*a + 232. What is the tens digit of a?
6
Let f be 6/(-14) - 33/21. Let b be -1 + -6*3/f. Suppose -o - b = -41. What is the tens digit of o?
3
Suppose 8*d = 5*d - 3*u + 1071, 2*d - 708 = -4*u. What is the units digit of d?
0
Let n be (-28)/4 + -3 - 0. Let k = n + 9. What is the units digit of (285/15)/(k - -2)?
9
Suppose -2*j - l = 12, 16 = j - 2*j + 2*l. What is the units digit of (-4)/1 - j - -3?
7
What is the thousands digit of 9/4 + (-1732561)/(-764)?
2
Let b(k) = -k + 14. Let q be b(0). Suppose -10*z + q*z = 1092. What is the tens digit of z?
7
Let j(b) = -1882*b**3 + 2*b**2 - 2*b - 3. What is the hundreds digit of j(-1)?
8
Let u = 370 + 93. What is the tens digit of u?
6
Suppose 0*g - 2 = 2*g. Let i be (g - 29)/((-2)/2). Suppose 0*o = -o + i. What is the tens digit of o?
3
Suppose 7*b + 4*i = 3*b + 112, 3*i = -2*b + 59. Let s = b + -15. What is the units digit of s + 1/(4/(-8))?
8
Suppose 40*u = 35*u + 2*h + 1901, -9 = 3*h. What is the units digit of u?
9
Let w(o) = 6*o**2 + 6*o + 30. What is the hundreds digit of w(-7)?
2
Let h(o) = 30*o**3 - 2*o**2 + 2*o - 5. Let v be h(2). Let u = v + -135. What is the units digit of u?
6
Let r(v) = v**2 - 10*v - 22. Let u be r(12). Suppose 4*w - 5 = 3. Suppose -4*s + 118 = 5*p, w*s = u*p + 5*s - 43. What is the units digit of p?
6
Let n(u) = -30*u + 2 + 14*u**2 - 7 + 38*u. What is the hundreds digit of n(4)?
2
Suppose -30 = -0*n - 3*n. Let p(l) = l**3 - 10*l**2 + 11*l - 15. What is the units digit of p(n)?
5
Let y(l) = 0*l**2 - l**2 + l**3 + 6 + 0. Let m be y(0). Suppose 0 = k - m*k + 140. What is the units digit of k?
8
Let m = -52 - -101. Suppose -2*l = 2, 0*w - 4*l = -3*w + m. What is the units digit of w?
5
Let c(g) = g**2 + 4*g. Let r(z) = z - 9. Let h be r(5). Let t be c(h). Suppose 300 = -t*j + 4*j. What is the tens digit of j?
7
Suppose 0 = -3*b + 548 + 571. Suppose 6*l - 2*l - b = -3*h, l - 4*h = 117. Suppose 2*a = 1 + l. What is the tens digit of a?
4
Suppose 1 = -r + m + 7, 0 = -5*r + 4*m + 29. Suppose -85 = -r*g - 10. What is the tens digit of g?
1
Let y be ((-8)/16)/((-1)/(-26)). Let d = -11 - y. What is the tens digit of d/(-2) + 20 + 6?
2
Let y = -2 + 3. Let f(z) = 12*z**2 - 4 + 1 + 4 - 2*z. What is the tens digit of f(y)?
1
Let b(w) = -w**2 - 16*w + 5513. What is the hundreds digit of b(0)?
5
Suppose -13951 = 22*x - 60437. What is the units digit of x?
3
Suppose 17 = -5*n + g, 4*n + 4 = 2*g + 2*g. What is the tens digit of -4 - (90/(-4) - n/(-8))?
1
Suppose -5*s = 2*x + 19, 3*x + s - 5 = -1. Suppose 2*d = x*d - 6. What is the units digit of d?
6
Let p = -5 - -8. Suppose o + 4 = p*o. What is the units digit of (23 - 1) + 4/o?
4
Suppose 2 = -r - 2*y - 2*y, y = -2*r + 10. Let q(x) = -x**2 + 8*x - 8. Let m be q(r). Suppose m*o + o - 23 = -s, -5*o + 35 = 5*s. What is the units digit of o?
4
Let o(d) = -d**2 - 9*d + 2. Let h be o(-9). Suppose 0 = h*i - 4*i. Suppose 3*t - 104 + 23 = i. What is the units digit of t?
7
Suppose -31 = -v + 245. What is the units digit of v?
6
Let r(c) be the third derivative of -c**6/60 - c**5/10 + c**4/8 - 2*c**3/3 + 10*c**2. What is the tens digit of r(-4)?
1
Let k = 327 + -23. What is the tens digit of k?
0
Let z(r) = 5*r**2 - 29*r + 119. What is the units digit of z(4)?
3
Let m = -1 + 1. Let p = -62 + 63. Let d = p + m. What is the units digit of d?
1
Let v be 4*((-2780)/(-16))/5. Suppose -1103 = -9*z + v. What is the tens digit of z?
3
Let n be -1*(-2)/(-1) - -7. Suppose -i = -n + 2. Suppose 10*z = i*f + 5*z - 110, f - 5*z - 40 = 0. What is the tens digit of f?
3
Suppose g = -0*g + 3*l + 6, -3*g = -3*l - 36. Suppose 17*x = g*x + 50. What is the units digit of x?
5
Let w be 2/12*-2*0. Suppose -3*y - 3 + 9 = w. Suppose -2*n + 30 = -5*r, 0 = -y*r + 2 + 2. What is the tens digit of n?
2
Let t be 1/(1/9) - -1. Let q = -16 + t. What is the tens digit of (q/(-10))/((-2)/(-40))?
1
Let c = 1315 + -802. What is the tens digit of c?
1
Let z = -13 - -23. Suppose 7*c = 2*c + z. Suppose c*h = -3*h + 15. What is the units digit of h?
3
Let s be -10*(9/6)/3. Let j = 5 - s. What is the units digit of j?
0
Let b(y) = 8*y + 7. Let o(l) = -l. Let h(i) = b(i) + 6*o(i). What is the tens digit of h(16)?
3
Let p(v) = -v**3 + 7*v**2 - 2. Let x be p(8). What is the tens digit of 6*(-1 - x/4)?
9
Let x = 31 - 45. Let m(q) = -q + 15. Let c be m(x). Let u = 62 - c. What is the tens digit of u?
3
Suppose 6*t + 130 = t. Let q = 62 + t. Let h = q + -19. What is the tens digit of h?
1
What is the tens digit of (-6)/(-1) - (-2905 - -4)?
0
Let z(t) = -2*t - 6. Let q be z(-5). Suppose -203 = -q*s + 65. What is the tens digit of s?
6
Let q = -366 - -377. What is the tens digit of q?
1
Let s be 3/(-1) + 1 + 236. Suppose -2*o + s = 3*p, -4*p - 2*o = o - 313. What is the tens digit of p?
7
Let o(k) = 2*k**2 - 25*k + 15. Let b be o(12). Suppose -366 - 363 = -b*l. What is the tens digit of l?
4
Let c be 624/18 + (-1)/(-3). Let f = c + 104. What is the units digit of f?
9
Let p = 635 + -283. What is the units digit of p?
2
Suppose y = 3*k - 88, k - 5*y - 6 = -0*k. Let g = k - 9. Let o = -16 + g. What is the units digit of o?
6
Let r be 6/(-3) + 10 + 3. Suppose -w + 49 = -r. Suppose 2*l = -0*l + w. What is the units digit of l?
0
Let f(j) = 19*j**2 - 3*j + 2. Suppose 3*h - 1 = 5. What is the tens digit of f(h)?
7
Let s(m) be the second derivative of -m**5/20 + 5*m**4/4 - 4*m**3/3 - 4*m**2 - 7*m. What is the units digit of s(14)?
6
Let w(o) be the first derivative of -o**4/4 - 7*o**3/3 - 3*o**2/2 - 10*o + 1. Suppose 4*j + 34 = 5*k + 81, 4*k + 22 = -2*j. What 